7 is divided by 12.
9
What is the remainder when 74562 is divided by 2071?
6
What is the remainder when 690554 is divided by 345274?
6
What is the remainder when 810678 is divided by 135112?
6
Calculate the remainder when 207719373 is divided by 69239788.
9
What is the remainder when 16350 is divided by 4954?
1488
What is the remainder when 1030657 is divided by 3104?
129
Calculate the remainder when 11563838 is divided by 1211.
1210
What is the remainder when 2636 is divided by 20?
16
Calculate the remainder when 43239 is divided by 1507.
1043
Calculate the remainder when 4002874 is divided by 356.
10
What is the remainder when 3474708 is divided by 1737350?
8
What is the remainder when 10949187 is divided by 30?
27
Calculate the remainder when 10923519 is divided by 3641155.
54
What is the remainder when 11312108 is divided by 2741?
1
What is the remainder when 14610 is divided by 2911?
55
What is the remainder when 869737 is divided by 144955?
7
Calculate the remainder when 454669 is divided by 113643.
97
What is the remainder when 175907 is divided by 1692?
1631
Calculate the remainder when 501388 is divided by 26386.
54
Calculate the remainder when 32150180 is divided by 4.
0
Calculate the remainder when 165737 is divided by 41316.
473
What is the remainder when 138292 is divided by 23034?
88
Calculate the remainder when 20408096 is divided by 4521.
302
What is the remainder when 1672661 is divided by 313?
302
What is the remainder when 12119130 is divided by 466120?
10
What is the remainder when 585480 is divided by 195120?
120
Calculate the remainder when 639646 is divided by 504.
70
Calculate the remainder when 4801888 is divided by 2400923.
42
What is the remainder when 1444377 is divided by 57?
54
Calculate the remainder when 4989465 is divided by 1991.
19
What is the remainder when 1101437 is divided by 367081?
194
What is the remainder when 1104419 is divided by 220678?
1029
What is the remainder when 1781226 is divided by 1779806?
1420
What is the remainder when 9956178 is divided by 92186?
90
What is the remainder when 661943 is divided by 65846?
3483
Calculate the remainder when 33254 is divided by 469.
424
Calculate the remainder when 1607382 is divided by 655.
12
What is the remainder when 5933 is divided by 906?
497
What is the remainder when 17177151 is divided by 49218?
69
What is the remainder when 2634302 is divided by 5739?
101
Calculate the remainder when 283869 is divided by 1518.
3
What is the remainder when 932159 is divided by 567?
11
Calculate the remainder when 6319769 is divided by 1042.
39
What is the remainder when 641950 is divided by 160459?
114
Calculate the remainder when 18971834 is divided by 1323.
14
Calculate the remainder when 16752587 is divided by 142.
137
Calculate the remainder when 1061086 is divided by 353692.
10
What is the remainder when 191313 is divided by 3045?
2523
Calculate the remainder when 258926468 is divided by 551.
548
What is the remainder when 28839107 is divided by 674?
669
What is the remainder when 7896188 is divided by 116?
68
What is the remainder when 733435 is divided by 1280?
1275
What is the remainder when 931327 is divided by 136?
135
Calculate the remainder when 122467 is divided by 24290.
1017
Calculate the remainder when 12000911 is divided by 17.
16
What is the remainder when 1461776 is divided by 365119?
1300
Calculate the remainder when 45063528 is divided by 11.
4
Calculate the remainder when 8607303 is divided by 2869095.
18
What is the remainder when 72671035 is divided by 27?
22
Calculate the remainder when 296229282 is divided by 3135.
3132
What is the remainder when 11247 is divided by 797?
89
What is the remainder when 939406 is divided by 777?
13
Calculate the remainder when 718315 is divided by 239284.
463
What is the remainder when 104138 is divided by 1625?
138
What is the remainder when 19340638 is divided by 1017928?
6
Calculate the remainder when 260261 is divided by 260216.
45
Calculate the remainder when 2081609 is divided by 1095.
14
Calculate the remainder when 60180 is divided by 5836.
1820
What is the remainder when 94345525 is divided by 79?
12
What is the remainder when 8602841 is divided by 613?
612
Calculate the remainder when 13755646 is divided by 103.
99
What is the remainder when 29554336 is divided by 1636?
1632
Calculate the remainder when 7513659 is divided by 362.
349
Calculate the remainder when 1409691 is divided by 1409562.
129
What is the remainder when 4558940 is divided by 13528?
4
Calculate the remainder when 5421229 is divided by 225883.
37
What is the remainder when 10483646 is divided by 48989?
0
What is the remainder when 1711512 is divided by 518?
40
Calculate the remainder when 2653126 is divided by 913.
861
Calculate the remainder when 11971879 is divided by 2992949.
83
What is the remainder when 1618706897 is divided by 25?
22
Calculate the remainder when 1050794985 is divided by 6.
3
What is the remainder when 54024106 is divided by 48?
10
Calculate the remainder when 3184277 is divided by 203.
19
What is the remainder when 196636 is divided by 1988?
1812
Calculate the remainder when 24840 is divided by 102.
54
Calculate the remainder when 78184317 is divided by 5682.
5679
What is the remainder when 278955 is divided by 18519?
1170
Calculate the remainder when 51982 is divided by 12938.
230
Calculate the remainder when 57436 is divided by 18868.
832
Calculate the remainder when 16088747 is divided by 314.
15
Calculate the remainder when 1458783 is divided by 120.
63
Calculate the remainder when 287981 is divided by 943.
366
Calculate the remainder when 3717140 is divided by 1239046.
2
Calculate the remainder when 8531 is divided by 7897.
634
Calculate the remainder when 118808 is divided by 39567.
107
Calculate the remainder when 41175755 is divided by 43.
30
Calculate the remainder when 25495316 is divided by 2.
0
What is the remainder when 4046172 is divided by 525?
522
What is the remainder when 29449741 is divided by 9296?
13
Calculate the remainder when 247030 is divided by 27376.
646
What is the remainder when 1286591 is divided by 428762?
305
Calculate the remainder when 63842 is divided by 900.
842
Calculate the remainder when 16177584 is divided by 429.
423
What is the remainder when 127000276 is divided by 2690?
2686
Calculate the remainder when 14352135 is divided by 1011.
990
What is the remainder when 7773032 is divided by 2094?
104
What is the remainder when 2136251 is divided by 29?
24
Calculate the remainder when 236875 is divided by 7641.
4
Calculate the remainder when 366592332 is divided by 97.
38
Calculate the remainder when 2978704 is divided by 792.
784
Calculate the remainder when 1090813 is divided by 6833.
4366
What is the remainder when 648045 is divided by 4358?
3061
What is the remainder when 1317098 is divided by 311?
13
Calculate the remainder when 46426995 is divided by 340.
335
Calculate the remainder when 4156238 is divided by 10.
8
What is the remainder when 16462894 is divided by 15?
4
What is the remainder when 3687291 is divided by 64688?
75
Calculate the remainder when 304557078 is divided by 39.
33
What is the remainder when 106281464 is divided by 157454?
14
What is the remainder when 5591882 is divided by 2795940?
2
What is the remainder when 853845 is divided by 16964?
5645
What is the remainder when 72461 is divided by 72?
29
Calculate the remainder when 251634 is divided by 836.
834
Calculate the remainder when 2722336 is divided by 8.
0
Calculate the remainder when 8092662 is divided by 208.
6
What is the remainder when 2086196 is divided by 915?
911
Calculate the remainder when 5083365 is divided by 3689.
3612
Calculate the remainder when 387098 is divided by 22769.
25
Calculate the remainder when 9028035 is divided by 95.
90
Calculate the remainder when 2312412 is divided by 2312410.
2
What is the remainder when 108125 is divided by 37?
11
What is the remainder when 23292 is divided by 2795?
932
Calculate the remainder when 312249 is divided by 2124.
21
Calculate the remainder when 126515199 is divided by 66.
63
What is the remainder when 908610 is divided by 1048?
1042
What is the remainder when 429847 is divided by 214901?
45
Calculate the remainder when 1708316 is 